{"id":3826,"date":"2023-04-21T11:48:14","date_gmt":"2023-04-21T11:48:14","guid":{"rendered":"https:\/\/itie.org.mz\/?page_id=3826"},"modified":"2023-04-21T11:48:16","modified_gmt":"2023-04-21T11:48:16","slug":"dados-de-producao-e-exportacao-da-industria-extractiva","status":"publish","type":"page","link":"https:\/\/itie.org.mz\/?page_id=3826","title":{"rendered":"Dados de Produ\u00e7\u00e3o e Exporta\u00e7\u00e3o da Ind\u00fastria Extractiva"},"content":{"rendered":"","protected":false},"excerpt":{"rendered":"","protected":false},"author":1,"featured_media":0,"parent":0,"menu_order":0,"comment_status":"closed","ping_status":"closed","template":"","meta":{"om_disable_all_campaigns":false,"_monsterinsights_skip_tracking":false,"_monsterinsights_sitenote_active":false,"_monsterinsights_sitenote_note":"","_monsterinsights_sitenote_category":0,"footnotes":""},"class_list":["post-3826","page","type-page","status-publish","hentry"],"aioseo_notices":[],"_links":{"self":[{"href":"https:\/\/itie.org.mz\/index.php?rest_route=\/wp\/v2\/pages\/3826","targetHints":{"allow":["GET"]}}],"collection":[{"href":"https:\/\/itie.org.mz\/index.php?rest_route=\/wp\/v2\/pages"}],"about":[{"href":"https:\/\/itie.org.mz\/index.php?rest_route=\/wp\/v2\/types\/page"}],"author":[{"embeddable":true,"href":"https:\/\/itie.org.mz\/index.php?rest_route=\/wp\/v2\/users\/1"}],"replies":[{"embeddable":true,"href":"https:\/\/itie.org.mz\/index.php?rest_route=%2Fwp%2Fv2%2Fcomments&post=3826"}],"version-history":[{"count":2,"href":"https:\/\/itie.org.mz\/index.php?rest_route=\/wp\/v2\/pages\/3826\/revisions"}],"predecessor-version":[{"id":3828,"href":"https:\/\/itie.org.mz\/index.php?rest_route=\/wp\/v2\/pages\/3826\/revisions\/3828"}],"wp:attachment":[{"href":"https:\/\/itie.org.mz\/index.php?rest_route=%2Fwp%2Fv2%2Fmedia&parent=3826"}],"curies":[{"name":"wp","href":"https:\/\/api.w.org\/{rel}","templated":true}]}}